{"id":18,"date":"2014-05-06T16:47:19","date_gmt":"2014-05-06T16:47:19","guid":{"rendered":"http:\/\/karate-uster.ch\/?page_id=18"},"modified":"2018-01-10T08:45:20","modified_gmt":"2018-01-10T08:45:20","slug":"unsere-zielsetzung","status":"publish","type":"page","link":"https:\/\/karate-uster.ch\/?page_id=18","title":{"rendered":"Unsere Zielsetzung"},"content":{"rendered":"<p><strong>Karatedo<\/strong><\/p>\n<p>&nbsp;<\/p>\n<p>Karate\u00a0<a href=\"https:\/\/karate-uster.ch\/node\/6\">wird<\/a>\u00a0bei uns als Kampfkunst betrieben. Das Training basiert auf einem langen Aufbautraining, dass die geistigen Elemente wie auch den K\u00f6rper schulen sollen. Der Karate Kai Uster ist Mitglied der Swiss Karate Federation (SKF) und trainiert unter Leitung von Roland Schenkel, 4. Dan SKF\/SKR\/JKA den\u00a0<a href=\"https:\/\/karate-uster.ch\/node\/6\">Stil<\/a>\u00a0\u201eShotokan\u201c nach den Richtlinien der Japan Karate Association (JKA).<\/p>\n<p>Unsere Globale Zielsetzung ist Karatedo. Karatedo heisst \u201eWeg des Karate\u201c.<\/p>\n<p>Dieser \u201eWeg\u201c-Begriff meint, dass es wichtig ist, einen Weg zielstrebig zu beschreiten und dabei auf den ganzen Reifeprozess zu achten. Damit wird auch ausgesagt, dass Karate, welches urspr\u00fcnglich zur Selbstverteidigung entwickelt wurde, ebenso viel Gewicht auf Geisteshaltung wie auf Gesundheitsaspekte oder sportliche Leistungen legt. Lernen und Erfahren wird so als lebenslanger Prozess verstanden.<\/p>\n","protected":false},"excerpt":{"rendered":"<p>Karatedo &nbsp; Karate\u00a0wird\u00a0bei uns als Kampfkunst betrieben. Das Training basiert auf einem langen Aufbautraining, dass die geistigen Elemente wie auch den K\u00f6rper schulen sollen. Der Karate Kai Uster ist Mitglied der Swiss Karate Federation&#46;&#46;&#46;<\/p>\n","protected":false},"author":2,"featured_media":0,"parent":0,"menu_order":0,"comment_status":"closed","ping_status":"closed","template":"","meta":{"footnotes":""},"class_list":["post-18","page","type-page","status-publish","hentry"],"jetpack_sharing_enabled":true,"jetpack_shortlink":"https:\/\/wp.me\/P7DZwL-i","jetpack-related-posts":[{"id":12,"url":"https:\/\/karate-uster.ch\/?page_id=12","url_meta":{"origin":18,"position":0},"title":"Ueber uns","author":"Gabriel Rimann","date":"Mai 6, 2014","format":false,"excerpt":"Der Karate Kai Uster bietet Kindertraining Erwachsenentraining Wettkampftraining Kadertraining Aktive Teilnahme an nationalen und internationalen Wettk\u00e4mpfen Der Karate Kai Uster ist Mitglied Des Schweizerischen Karate Verbandes (SKV) Der Sektion Swiss Karatedo Renmei (SKR) Der Japan Karate Association (JKA) Leiter: Roland Schenkel, 4. Dan, SKV\/SKR, Diplomtrainer SKV, Jugend & Sport Leiter\u2026","rel":"","context":"\u00c4hnlicher Beitrag","block_context":{"text":"\u00c4hnlicher Beitrag","link":""},"img":{"alt_text":"","src":"","width":0,"height":0},"classes":[]},{"id":326,"url":"https:\/\/karate-uster.ch\/?page_id=326","url_meta":{"origin":18,"position":1},"title":"Kinderkurs 2026","author":"Roland Schenkel","date":"Dezember 23, 2021","format":false,"excerpt":"Wo? alte Turnhalle Schulhaus Hasenb\u00fchl Wann? ab Mittwoch, 9. September 2026 von 18.00 \u2013 19.00 Uhr bis zu den Weihnachtsferien Wer? Kinder ab 6 Jahre Bei Wem? Nieves Tommasi, 2. Dan Karate und Roland Schenkel, 4. Dan Karate Wieviel? ganzer Kurs Fr. 80.00 Kleidung? Trainerhose & T-Shirt, barfuss Anmeldung? info@karate-uster.ch\u2026","rel":"","context":"\u00c4hnlicher Beitrag","block_context":{"text":"\u00c4hnlicher Beitrag","link":""},"img":{"alt_text":"","src":"","width":0,"height":0},"classes":[]},{"id":754,"url":"https:\/\/karate-uster.ch\/?page_id=754","url_meta":{"origin":18,"position":2},"title":"Turniere und Wettkampfteilnahmen","author":"Roland Schenkel","date":"April 6, 2026","format":false,"excerpt":"Karate Kai Uster nimmt mit den Karateka (Kinder, Jugendliche, Erwachsene) an Turnieren und Wettk\u00e4mpfen teil.","rel":"","context":"\u00c4hnlicher Beitrag","block_context":{"text":"\u00c4hnlicher Beitrag","link":""},"img":{"alt_text":"","src":"","width":0,"height":0},"classes":[]},{"id":15,"url":"https:\/\/karate-uster.ch\/?page_id=15","url_meta":{"origin":18,"position":3},"title":"Dojokun","author":"Gabriel Rimann","date":"Mai 6, 2014","format":false,"excerpt":"1. Es ist eine Pflicht, nach der Perfektion des Charakters zu streben. hitotsu, jinkaku kansei ni tsutomuru koto \u00a0 \u00a0Folge dem\u00a0Ideal\u00a0der Wahrheit. hitotsu, makoto no michi wo mamoru koto \u00a0 \u00a0M\u00fche Dich, Deinen Geist zu kultivieren. hitotsu, doryoku no seishin wo yashinau koto \u00a0 \u00a0Achte die Regeln der Etikette. hitotsu,\u2026","rel":"","context":"\u00c4hnlicher Beitrag","block_context":{"text":"\u00c4hnlicher Beitrag","link":""},"img":{"alt_text":"","src":"","width":0,"height":0},"classes":[]},{"id":762,"url":"https:\/\/karate-uster.ch\/?page_id=762","url_meta":{"origin":18,"position":4},"title":"SKR Fr\u00fchlingsturnier 2026 in Dagmersellen","author":"Roland Schenkel","date":"April 6, 2026","format":false,"excerpt":"SKR Fr\u00fchlingsturnier in Dagmersellen 2026 Am vergangenen Sonntag erfolgte das SKR Fr\u00fchlingsturnier in Dagmersellen. Die vierk\u00f6pfige Delegation des Karate Kai Uster erreichte dabei zwei Podestpl\u00e4tze. Dies, obschon das Ensemble etwas m\u00fcde angereist war, hatte es doch am Samstag noch ein intensives Wettkampftraining zu absolvieren. Herzlichen Gl\u00fcckwunsch: Fortuna: Kihon Ippon Kumite\u2026","rel":"","context":"\u00c4hnlicher Beitrag","block_context":{"text":"\u00c4hnlicher Beitrag","link":""},"img":{"alt_text":"","src":"https:\/\/i0.wp.com\/karate-uster.ch\/wp-content\/uploads\/2026\/04\/IMG_5680-Klein-300x225.jpeg?resize=350%2C200&ssl=1","width":350,"height":200},"classes":[]},{"id":149,"url":"https:\/\/karate-uster.ch\/?page_id=149","url_meta":{"origin":18,"position":5},"title":"Nachruf Koichi Sugimura (1940 \u2013 2020)","author":"Gabriel Rimann","date":"M\u00e4rz 11, 2020","format":false,"excerpt":"Am Montag, 9. M\u00e4rz 2020 hat uns Sugimura-Sensei verlassen, aber seine Philosophie wird weiterleben. Danke Sugi, f\u00fcr die wunderbare Zeit. Oss.","rel":"","context":"\u00c4hnlicher Beitrag","block_context":{"text":"\u00c4hnlicher Beitrag","link":""},"img":{"alt_text":"","src":"https:\/\/i0.wp.com\/karate-uster.ch\/wp-content\/uploads\/2020\/03\/Sugi-a.jpg?resize=350%2C200&ssl=1","width":350,"height":200,"srcset":"https:\/\/i0.wp.com\/karate-uster.ch\/wp-content\/uploads\/2020\/03\/Sugi-a.jpg?resize=350%2C200&ssl=1 1x, https:\/\/i0.wp.com\/karate-uster.ch\/wp-content\/uploads\/2020\/03\/Sugi-a.jpg?resize=525%2C300&ssl=1 1.5x"},"classes":[]}],"_links":{"self":[{"href":"https:\/\/karate-uster.ch\/index.php?rest_route=\/wp\/v2\/pages\/18","targetHints":{"allow":["GET"]}}],"collection":[{"href":"https:\/\/karate-uster.ch\/index.php?rest_route=\/wp\/v2\/pages"}],"about":[{"href":"https:\/\/karate-uster.ch\/index.php?rest_route=\/wp\/v2\/types\/page"}],"author":[{"embeddable":true,"href":"https:\/\/karate-uster.ch\/index.php?rest_route=\/wp\/v2\/users\/2"}],"replies":[{"embeddable":true,"href":"https:\/\/karate-uster.ch\/index.php?rest_route=%2Fwp%2Fv2%2Fcomments&post=18"}],"version-history":[{"count":3,"href":"https:\/\/karate-uster.ch\/index.php?rest_route=\/wp\/v2\/pages\/18\/revisions"}],"predecessor-version":[{"id":128,"href":"https:\/\/karate-uster.ch\/index.php?rest_route=\/wp\/v2\/pages\/18\/revisions\/128"}],"wp:attachment":[{"href":"https:\/\/karate-uster.ch\/index.php?rest_route=%2Fwp%2Fv2%2Fmedia&parent=18"}],"curies":[{"name":"wp","href":"https:\/\/api.w.org\/{rel}","templated":true}]}}

<p><strong>Karatedo</strong></p>
<p>&nbsp;</p>
<p>Karate <a href="https://karate-uster.ch/node/6">wird</a> bei uns als Kampfkunst betrieben. Das Training basiert auf einem langen Aufbautraining, dass die geistigen Elemente wie auch den Körper schulen sollen. Der Karate Kai Uster ist Mitglied der Swiss Karate Federation (SKF) und trainiert unter Leitung von Roland Schenkel, 4. Dan SKF/SKR/JKA den <a href="https://karate-uster.ch/node/6">Stil</a> „Shotokan“ nach den Richtlinien der Japan Karate Association (JKA).</p>
<p>Unsere Globale Zielsetzung ist Karatedo. Karatedo heisst „Weg des Karate“.</p>
<p>Dieser „Weg“-Begriff meint, dass es wichtig ist, einen Weg zielstrebig zu beschreiten und dabei auf den ganzen Reifeprozess zu achten. Damit wird auch ausgesagt, dass Karate, welches ursprünglich zur Selbstverteidigung entwickelt wurde, ebenso viel Gewicht auf Geisteshaltung wie auf Gesundheitsaspekte oder sportliche Leistungen legt. Lernen und Erfahren wird so als lebenslanger Prozess verstanden.</p>

<p>Karatedo &nbsp; Karate wird bei uns als Kampfkunst betrieben. Das Training basiert auf einem langen Aufbautraining, dass die geistigen Elemente wie auch den Körper schulen sollen. Der Karate Kai Uster ist Mitglied der Swiss Karate Federation&#46;&#46;&#46;</p>

Der Karate Kai Uster bietet Kindertraining Erwachsenentraining Wettkampftraining Kadertraining Aktive Teilnahme an nationalen und internationalen Wettkämpfen Der Karate Kai Uster ist Mitglied Des Schweizerischen Karate Verbandes (SKV) Der Sektion Swiss Karatedo Renmei (SKR) Der Japan Karate Association (JKA) Leiter: Roland Schenkel, 4. Dan, SKV/SKR, Diplomtrainer SKV, Jugend & Sport Leiter…

Ähnlicher Beitrag

Wo? alte Turnhalle Schulhaus Hasenbühl Wann? ab Mittwoch, 9. September 2026 von 18.00 – 19.00 Uhr bis zu den Weihnachtsferien Wer? Kinder ab 6 Jahre Bei Wem? Nieves Tommasi, 2. Dan Karate und Roland Schenkel, 4. Dan Karate Wieviel? ganzer Kurs Fr. 80.00 Kleidung? Trainerhose & T-Shirt, barfuss Anmeldung? info@karate-uster.ch…

Karate Kai Uster nimmt mit den Karateka (Kinder, Jugendliche, Erwachsene) an Turnieren und Wettkämpfen teil.

1. Es ist eine Pflicht, nach der Perfektion des Charakters zu streben. hitotsu, jinkaku kansei ni tsutomuru koto    Folge dem Ideal der Wahrheit. hitotsu, makoto no michi wo mamoru koto    Mühe Dich, Deinen Geist zu kultivieren. hitotsu, doryoku no seishin wo yashinau koto    Achte die Regeln der Etikette. hitotsu,…

SKR Frühlingsturnier 2026 in Dagmersellen

SKR Frühlingsturnier in Dagmersellen 2026 Am vergangenen Sonntag erfolgte das SKR Frühlingsturnier in Dagmersellen. Die vierköpfige Delegation des Karate Kai Uster erreichte dabei zwei Podestplätze. Dies, obschon das Ensemble etwas müde angereist war, hatte es doch am Samstag noch ein intensives Wettkampftraining zu absolvieren. Herzlichen Glückwunsch: Fortuna: Kihon Ippon Kumite…

März 11, 2020

Am Montag, 9. März 2020 hat uns Sugimura-Sensei verlassen, aber seine Philosophie wird weiterleben. Danke Sugi, für die wunderbare Zeit. Oss.
