{"id":21,"date":"2014-05-06T16:48:51","date_gmt":"2014-05-06T16:48:51","guid":{"rendered":"http:\/\/karate-uster.ch\/?page_id=21"},"modified":"2025-01-21T12:23:33","modified_gmt":"2025-01-21T12:23:33","slug":"trainings","status":"publish","type":"page","link":"https:\/\/karate-uster.ch\/?page_id=21","title":{"rendered":"Trainings"},"content":{"rendered":"<p><strong>Trainingszeiten<\/strong><\/p>\n<p>Montag<\/p>\n<p>18.00 &#8211; 19.00 Kindertraining alte <a href=\"https:\/\/karate-uster.ch\/?page_id=69\">Turnhalle Hasenb\u00fchl<\/a><\/p>\n<p>19.00 &#8211; 20.00 Erwachsenentraining<\/p>\n<p>Dienstag<\/p>\n<p>20.00-21.30 Erwachsenentraining <a href=\"https:\/\/karate-uster.ch\/?page_id=28\">Dojo Neuwiesenstr. 9a<\/a><\/p>\n<p>Mittwoch<\/p>\n<p>17.45-18.45 Kindertraining alte <a href=\"https:\/\/karate-uster.ch\/?page_id=31\">Turnhalle Hasenb\u00fchl<\/a><\/p>\n<p>19.00-20.30 Kindertraining<\/p>\n<p>Freitag<\/p>\n<p>19.00-20.00 Kindertraining<br \/>\n20.00-21.00 Erwachsenentraining<\/p>\n<p><strong>Anrufen \u2014 Vorbeikommen \u2014 Mitmachen<\/strong><\/p>\n<p><strong>Auskunft: Tel. 079 294 16 78<\/strong><\/p>\n","protected":false},"excerpt":{"rendered":"<p>Trainingszeiten Montag 18.00 &#8211; 19.00 Kindertraining alte Turnhalle Hasenb\u00fchl 19.00 &#8211; 20.00 Erwachsenentraining Dienstag 20.00-21.30 Erwachsenentraining Dojo Neuwiesenstr. 9a Mittwoch 17.45-18.45 Kindertraining alte Turnhalle Hasenb\u00fchl 19.00-20.30 Kindertraining Freitag 19.00-20.00 Kindertraining 20.00-21.00 Erwachsenentraining Anrufen \u2014&#46;&#46;&#46;<\/p>\n","protected":false},"author":2,"featured_media":0,"parent":0,"menu_order":0,"comment_status":"closed","ping_status":"closed","template":"","meta":{"footnotes":""},"class_list":["post-21","page","type-page","status-publish","hentry"],"jetpack_sharing_enabled":true,"jetpack_shortlink":"https:\/\/wp.me\/P7DZwL-l","jetpack-related-posts":[{"id":326,"url":"https:\/\/karate-uster.ch\/?page_id=326","url_meta":{"origin":21,"position":0},"title":"Kinderkurs 2026","author":"Roland Schenkel","date":"Dezember 23, 2021","format":false,"excerpt":"Wo? alte Turnhalle Schulhaus Hasenb\u00fchl Wann? ab Mittwoch, 9. September 2026 von 18.00 \u2013 19.00 Uhr bis zu den Weihnachtsferien Wer? Kinder ab 6 Jahre Bei Wem? Nieves Tommasi, 2. Dan Karate und Roland Schenkel, 4. Dan Karate Wieviel? ganzer Kurs Fr. 80.00 Kleidung? Trainerhose & T-Shirt, barfuss Anmeldung? info@karate-uster.ch\u2026","rel":"","context":"\u00c4hnlicher Beitrag","block_context":{"text":"\u00c4hnlicher Beitrag","link":""},"img":{"alt_text":"","src":"","width":0,"height":0},"classes":[]},{"id":31,"url":"https:\/\/karate-uster.ch\/?page_id=31","url_meta":{"origin":21,"position":1},"title":"Turnhalle Hasenb\u00fchl","author":"Gabriel Rimann","date":"Mai 6, 2014","format":false,"excerpt":"","rel":"","context":"\u00c4hnlicher Beitrag","block_context":{"text":"\u00c4hnlicher Beitrag","link":""},"img":{"alt_text":"","src":"","width":0,"height":0},"classes":[]}],"_links":{"self":[{"href":"https:\/\/karate-uster.ch\/index.php?rest_route=\/wp\/v2\/pages\/21","targetHints":{"allow":["GET"]}}],"collection":[{"href":"https:\/\/karate-uster.ch\/index.php?rest_route=\/wp\/v2\/pages"}],"about":[{"href":"https:\/\/karate-uster.ch\/index.php?rest_route=\/wp\/v2\/types\/page"}],"author":[{"embeddable":true,"href":"https:\/\/karate-uster.ch\/index.php?rest_route=\/wp\/v2\/users\/2"}],"replies":[{"embeddable":true,"href":"https:\/\/karate-uster.ch\/index.php?rest_route=%2Fwp%2Fv2%2Fcomments&post=21"}],"version-history":[{"count":19,"href":"https:\/\/karate-uster.ch\/index.php?rest_route=\/wp\/v2\/pages\/21\/revisions"}],"predecessor-version":[{"id":658,"href":"https:\/\/karate-uster.ch\/index.php?rest_route=\/wp\/v2\/pages\/21\/revisions\/658"}],"wp:attachment":[{"href":"https:\/\/karate-uster.ch\/index.php?rest_route=%2Fwp%2Fv2%2Fmedia&parent=21"}],"curies":[{"name":"wp","href":"https:\/\/api.w.org\/{rel}","templated":true}]}}

<p><strong>Trainingszeiten</strong></p>
<p>Montag</p>
<p>18.00 &#8211; 19.00 Kindertraining alte <a href="https://karate-uster.ch/?page_id=69">Turnhalle Hasenbühl</a></p>
<p>19.00 &#8211; 20.00 Erwachsenentraining</p>
<p>Dienstag</p>
<p>20.00-21.30 Erwachsenentraining <a href="https://karate-uster.ch/?page_id=28">Dojo Neuwiesenstr. 9a</a></p>
<p>Mittwoch</p>
<p>17.45-18.45 Kindertraining alte <a href="https://karate-uster.ch/?page_id=31">Turnhalle Hasenbühl</a></p>
<p>19.00-20.30 Kindertraining</p>
<p>Freitag</p>
<p>19.00-20.00 Kindertraining<br />
20.00-21.00 Erwachsenentraining</p>
<p><strong>Anrufen — Vorbeikommen — Mitmachen</strong></p>
<p><strong>Auskunft: Tel. 079 294 16 78</strong></p>

<p>Trainingszeiten Montag 18.00 &#8211; 19.00 Kindertraining alte Turnhalle Hasenbühl 19.00 &#8211; 20.00 Erwachsenentraining Dienstag 20.00-21.30 Erwachsenentraining Dojo Neuwiesenstr. 9a Mittwoch 17.45-18.45 Kindertraining alte Turnhalle Hasenbühl 19.00-20.30 Kindertraining Freitag 19.00-20.00 Kindertraining 20.00-21.00 Erwachsenentraining Anrufen —&#46;&#46;&#46;</p>

Wo? alte Turnhalle Schulhaus Hasenbühl Wann? ab Mittwoch, 9. September 2026 von 18.00 – 19.00 Uhr bis zu den Weihnachtsferien Wer? Kinder ab 6 Jahre Bei Wem? Nieves Tommasi, 2. Dan Karate und Roland Schenkel, 4. Dan Karate Wieviel? ganzer Kurs Fr. 80.00 Kleidung? Trainerhose & T-Shirt, barfuss Anmeldung? info@karate-uster.ch…

Ähnlicher Beitrag

Turnhalle Hasenbühl
