{"id":25,"date":"2014-05-06T16:52:23","date_gmt":"2014-05-06T16:52:23","guid":{"rendered":"http:\/\/karate-uster.ch\/?page_id=25"},"modified":"2014-05-06T17:34:03","modified_gmt":"2014-05-06T17:34:03","slug":"trainingslokale","status":"publish","type":"page","link":"https:\/\/karate-uster.ch\/?page_id=25","title":{"rendered":"Trainingslokale"},"content":{"rendered":"<p style=\"text-align: center;\"><a href=\"https:\/\/i0.wp.com\/karate-uster.ch\/wp-content\/uploads\/2014\/05\/Hasenbuehlstrasse.jpg?ssl=1\"><img data-recalc-dims=\"1\" loading=\"lazy\" decoding=\"async\" class=\"alignnone wp-image-52\" src=\"https:\/\/i0.wp.com\/karate-uster.ch\/wp-content\/uploads\/2014\/05\/Hasenbuehlstrasse.jpg?resize=680%2C453&#038;ssl=1\" alt=\"Hasenbuehlstrasse\" width=\"680\" height=\"453\" srcset=\"https:\/\/i0.wp.com\/karate-uster.ch\/wp-content\/uploads\/2014\/05\/Hasenbuehlstrasse.jpg?resize=1024%2C682&amp;ssl=1 1024w, https:\/\/i0.wp.com\/karate-uster.ch\/wp-content\/uploads\/2014\/05\/Hasenbuehlstrasse.jpg?resize=300%2C200&amp;ssl=1 300w, https:\/\/i0.wp.com\/karate-uster.ch\/wp-content\/uploads\/2014\/05\/Hasenbuehlstrasse.jpg?w=2000&amp;ssl=1 2000w, https:\/\/i0.wp.com\/karate-uster.ch\/wp-content\/uploads\/2014\/05\/Hasenbuehlstrasse.jpg?w=3000&amp;ssl=1 3000w\" sizes=\"auto, (max-width: 680px) 100vw, 680px\" \/><\/a><\/p>\n","protected":false},"excerpt":{"rendered":"","protected":false},"author":2,"featured_media":0,"parent":0,"menu_order":0,"comment_status":"closed","ping_status":"closed","template":"","meta":{"footnotes":""},"class_list":["post-25","page","type-page","status-publish","hentry"],"jetpack_sharing_enabled":true,"jetpack_shortlink":"https:\/\/wp.me\/P7DZwL-p","jetpack-related-posts":[{"id":31,"url":"https:\/\/karate-uster.ch\/?page_id=31","url_meta":{"origin":25,"position":0},"title":"Turnhalle Hasenb\u00fchl","author":"Gabriel Rimann","date":"Mai 6, 2014","format":false,"excerpt":"","rel":"","context":"\u00c4hnlicher Beitrag","block_context":{"text":"\u00c4hnlicher Beitrag","link":""},"img":{"alt_text":"","src":"","width":0,"height":0},"classes":[]},{"id":28,"url":"https:\/\/karate-uster.ch\/?page_id=28","url_meta":{"origin":25,"position":1},"title":"Dojo Neuwiesenstrasse 9a","author":"Gabriel Rimann","date":"Mai 6, 2014","format":false,"excerpt":"","rel":"","context":"\u00c4hnlicher Beitrag","block_context":{"text":"\u00c4hnlicher Beitrag","link":""},"img":{"alt_text":"","src":"","width":0,"height":0},"classes":[]}],"_links":{"self":[{"href":"https:\/\/karate-uster.ch\/index.php?rest_route=\/wp\/v2\/pages\/25","targetHints":{"allow":["GET"]}}],"collection":[{"href":"https:\/\/karate-uster.ch\/index.php?rest_route=\/wp\/v2\/pages"}],"about":[{"href":"https:\/\/karate-uster.ch\/index.php?rest_route=\/wp\/v2\/types\/page"}],"author":[{"embeddable":true,"href":"https:\/\/karate-uster.ch\/index.php?rest_route=\/wp\/v2\/users\/2"}],"replies":[{"embeddable":true,"href":"https:\/\/karate-uster.ch\/index.php?rest_route=%2Fwp%2Fv2%2Fcomments&post=25"}],"version-history":[{"count":4,"href":"https:\/\/karate-uster.ch\/index.php?rest_route=\/wp\/v2\/pages\/25\/revisions"}],"predecessor-version":[{"id":55,"href":"https:\/\/karate-uster.ch\/index.php?rest_route=\/wp\/v2\/pages\/25\/revisions\/55"}],"wp:attachment":[{"href":"https:\/\/karate-uster.ch\/index.php?rest_route=%2Fwp%2Fv2%2Fmedia&parent=25"}],"curies":[{"name":"wp","href":"https:\/\/api.w.org\/{rel}","templated":true}]}}

Turnhalle Hasenbühl

Ähnlicher Beitrag
