{"id":40,"date":"2014-05-06T17:03:43","date_gmt":"2014-05-06T17:03:43","guid":{"rendered":"http:\/\/karate-uster.ch\/?page_id=40"},"modified":"2025-11-29T11:52:33","modified_gmt":"2025-11-29T11:52:33","slug":"gratulationen","status":"publish","type":"page","link":"https:\/\/karate-uster.ch\/?page_id=40","title":{"rendered":"Gratulationen"},"content":{"rendered":"<p>1994 Herzliche Gratulation Ren\u00e9 Schellenberger zum 1. Dan<\/p>\n<p>2002 Herzliche Gratulation Christian M\u00fcller zum 1. Dan<\/p>\n<p>2010 Herzliche Gratulation Carole Wolff zum 1. Dan<\/p>\n<p>2013 Herzliche Gratulation Peter Wenger zum 1. Dan<\/p>\n<p>2014 Herzliche Gratulation Arnaud Wolff zum 1. Dan<\/p>\n<p>2017 Herzliche Gratulation Anita Rieder zum 1. Dan<\/p>\n<p>2017 Herzliche Gratulation Peter Wenger zum 2. Dan<\/p>\n<p>2022 Herzliche Gratulation Carole Heiniger zum 2. Dan<\/p>\n<p>2025 Herzliche Gratulation Nieves Tommasi zum 2. Dan<\/p>\n<p>&nbsp;<\/p>\n","protected":false},"excerpt":{"rendered":"<p>1994 Herzliche Gratulation Ren\u00e9 Schellenberger zum 1. Dan 2002 Herzliche Gratulation Christian M\u00fcller zum 1. Dan 2010 Herzliche Gratulation Carole Wolff zum 1. Dan 2013 Herzliche Gratulation Peter Wenger zum 1. Dan 2014 Herzliche&#46;&#46;&#46;<\/p>\n","protected":false},"author":2,"featured_media":0,"parent":0,"menu_order":0,"comment_status":"closed","ping_status":"closed","template":"","meta":{"footnotes":""},"class_list":["post-40","page","type-page","status-publish","hentry"],"jetpack_sharing_enabled":true,"jetpack_shortlink":"https:\/\/wp.me\/P7DZwL-E","jetpack-related-posts":[{"id":760,"url":"https:\/\/karate-uster.ch\/?page_id=760","url_meta":{"origin":40,"position":0},"title":"Lee Wyden Cup 2025 in Merenschwand","author":"Roland Schenkel","date":"April 6, 2026","format":false,"excerpt":"\u00a0 Zw\u00f6lf Medaillen am Lee Wyden Cup 2025 \u00a0 Gl\u00e4nzend schnitt am vergangenen Samstag die Ustermer Karateka am Lee Wyden Cup ab. Die siebzehnk\u00f6pfige Ustermer Delegation kehrte gleich mit zw\u00f6lf Medaillen nach Hause zur\u00fcck. Ein herzliches Dankesch\u00f6n gilt auch allen Coaches, Schiedsrichtern und Eltern die ihre Kinder begleiteten. Die Medaillen\u2026","rel":"","context":"\u00c4hnlicher Beitrag","block_context":{"text":"\u00c4hnlicher Beitrag","link":""},"img":{"alt_text":"Lee Wyden Cup 2025","src":"https:\/\/i0.wp.com\/karate-uster.ch\/wp-content\/uploads\/2025\/11\/WhatsApp-Image-2025-11-23-at-16.01.42-1024x768.jpeg?resize=350%2C200","width":350,"height":200,"srcset":"https:\/\/i0.wp.com\/karate-uster.ch\/wp-content\/uploads\/2025\/11\/WhatsApp-Image-2025-11-23-at-16.01.42-1024x768.jpeg?resize=350%2C200 1x, https:\/\/i0.wp.com\/karate-uster.ch\/wp-content\/uploads\/2025\/11\/WhatsApp-Image-2025-11-23-at-16.01.42-1024x768.jpeg?resize=525%2C300 1.5x, https:\/\/i0.wp.com\/karate-uster.ch\/wp-content\/uploads\/2025\/11\/WhatsApp-Image-2025-11-23-at-16.01.42-1024x768.jpeg?resize=700%2C400 2x"},"classes":[]},{"id":96,"url":"https:\/\/karate-uster.ch\/?page_id=96","url_meta":{"origin":40,"position":1},"title":"Kyusho Dan-Pr\u00fcfung 2013","author":"Gabriel Rimann","date":"Juli 22, 2014","format":false,"excerpt":"","rel":"","context":"\u00c4hnlicher Beitrag","block_context":{"text":"\u00c4hnlicher Beitrag","link":""},"img":{"alt_text":"","src":"","width":0,"height":0},"classes":[]},{"id":326,"url":"https:\/\/karate-uster.ch\/?page_id=326","url_meta":{"origin":40,"position":2},"title":"Kinderkurs 2026","author":"Roland Schenkel","date":"Dezember 23, 2021","format":false,"excerpt":"Wo? alte Turnhalle Schulhaus Hasenb\u00fchl Wann? ab Mittwoch, 9. September 2026 von 18.00 \u2013 19.00 Uhr bis zu den Weihnachtsferien Wer? Kinder ab 6 Jahre Bei Wem? Nieves Tommasi, 2. Dan Karate und Roland Schenkel, 4. Dan Karate Wieviel? ganzer Kurs Fr. 80.00 Kleidung? Trainerhose & T-Shirt, barfuss Anmeldung? info@karate-uster.ch\u2026","rel":"","context":"\u00c4hnlicher Beitrag","block_context":{"text":"\u00c4hnlicher Beitrag","link":""},"img":{"alt_text":"","src":"","width":0,"height":0},"classes":[]},{"id":12,"url":"https:\/\/karate-uster.ch\/?page_id=12","url_meta":{"origin":40,"position":3},"title":"Ueber uns","author":"Gabriel Rimann","date":"Mai 6, 2014","format":false,"excerpt":"Der Karate Kai Uster bietet Kindertraining Erwachsenentraining Wettkampftraining Kadertraining Aktive Teilnahme an nationalen und internationalen Wettk\u00e4mpfen Der Karate Kai Uster ist Mitglied Des Schweizerischen Karate Verbandes (SKV) Der Sektion Swiss Karatedo Renmei (SKR) Der Japan Karate Association (JKA) Leiter: Roland Schenkel, 4. Dan, SKV\/SKR, Diplomtrainer SKV, Jugend & Sport Leiter\u2026","rel":"","context":"\u00c4hnlicher Beitrag","block_context":{"text":"\u00c4hnlicher Beitrag","link":""},"img":{"alt_text":"","src":"","width":0,"height":0},"classes":[]},{"id":18,"url":"https:\/\/karate-uster.ch\/?page_id=18","url_meta":{"origin":40,"position":4},"title":"Unsere Zielsetzung","author":"Gabriel Rimann","date":"Mai 6, 2014","format":false,"excerpt":"Karatedo \u00a0 Karate\u00a0wird\u00a0bei uns als Kampfkunst betrieben. Das Training basiert auf einem langen Aufbautraining, dass die geistigen Elemente wie auch den K\u00f6rper schulen sollen. Der Karate Kai Uster ist Mitglied der Swiss Karate Federation (SKF) und trainiert unter Leitung von Roland Schenkel, 4. Dan SKF\/SKR\/JKA den\u00a0Stil\u00a0\u201eShotokan\u201c nach den Richtlinien der\u2026","rel":"","context":"\u00c4hnlicher Beitrag","block_context":{"text":"\u00c4hnlicher Beitrag","link":""},"img":{"alt_text":"","src":"","width":0,"height":0},"classes":[]}],"_links":{"self":[{"href":"https:\/\/karate-uster.ch\/index.php?rest_route=\/wp\/v2\/pages\/40","targetHints":{"allow":["GET"]}}],"collection":[{"href":"https:\/\/karate-uster.ch\/index.php?rest_route=\/wp\/v2\/pages"}],"about":[{"href":"https:\/\/karate-uster.ch\/index.php?rest_route=\/wp\/v2\/types\/page"}],"author":[{"embeddable":true,"href":"https:\/\/karate-uster.ch\/index.php?rest_route=\/wp\/v2\/users\/2"}],"replies":[{"embeddable":true,"href":"https:\/\/karate-uster.ch\/index.php?rest_route=%2Fwp%2Fv2%2Fcomments&post=40"}],"version-history":[{"count":7,"href":"https:\/\/karate-uster.ch\/index.php?rest_route=\/wp\/v2\/pages\/40\/revisions"}],"predecessor-version":[{"id":735,"href":"https:\/\/karate-uster.ch\/index.php?rest_route=\/wp\/v2\/pages\/40\/revisions\/735"}],"wp:attachment":[{"href":"https:\/\/karate-uster.ch\/index.php?rest_route=%2Fwp%2Fv2%2Fmedia&parent=40"}],"curies":[{"name":"wp","href":"https:\/\/api.w.org\/{rel}","templated":true}]}}

<p>1994 Herzliche Gratulation René Schellenberger zum 1. Dan</p>
<p>2002 Herzliche Gratulation Christian Müller zum 1. Dan</p>
<p>2010 Herzliche Gratulation Carole Wolff zum 1. Dan</p>
<p>2013 Herzliche Gratulation Peter Wenger zum 1. Dan</p>
<p>2014 Herzliche Gratulation Arnaud Wolff zum 1. Dan</p>
<p>2017 Herzliche Gratulation Anita Rieder zum 1. Dan</p>
<p>2017 Herzliche Gratulation Peter Wenger zum 2. Dan</p>
<p>2022 Herzliche Gratulation Carole Heiniger zum 2. Dan</p>
<p>2025 Herzliche Gratulation Nieves Tommasi zum 2. Dan</p>
<p>&nbsp;</p>

<p>1994 Herzliche Gratulation René Schellenberger zum 1. Dan 2002 Herzliche Gratulation Christian Müller zum 1. Dan 2010 Herzliche Gratulation Carole Wolff zum 1. Dan 2013 Herzliche Gratulation Peter Wenger zum 1. Dan 2014 Herzliche&#46;&#46;&#46;</p>

Zwölf Medaillen am Lee Wyden Cup 2025   Glänzend schnitt am vergangenen Samstag die Ustermer Karateka am Lee Wyden Cup ab. Die siebzehnköpfige Ustermer Delegation kehrte gleich mit zwölf Medaillen nach Hause zurück. Ein herzliches Dankeschön gilt auch allen Coaches, Schiedsrichtern und Eltern die ihre Kinder begleiteten. Die Medaillen…

Ähnlicher Beitrag

Kyusho Dan-Prüfung 2013

Wo? alte Turnhalle Schulhaus Hasenbühl Wann? ab Mittwoch, 9. September 2026 von 18.00 – 19.00 Uhr bis zu den Weihnachtsferien Wer? Kinder ab 6 Jahre Bei Wem? Nieves Tommasi, 2. Dan Karate und Roland Schenkel, 4. Dan Karate Wieviel? ganzer Kurs Fr. 80.00 Kleidung? Trainerhose & T-Shirt, barfuss Anmeldung? info@karate-uster.ch…

Der Karate Kai Uster bietet Kindertraining Erwachsenentraining Wettkampftraining Kadertraining Aktive Teilnahme an nationalen und internationalen Wettkämpfen Der Karate Kai Uster ist Mitglied Des Schweizerischen Karate Verbandes (SKV) Der Sektion Swiss Karatedo Renmei (SKR) Der Japan Karate Association (JKA) Leiter: Roland Schenkel, 4. Dan, SKV/SKR, Diplomtrainer SKV, Jugend & Sport Leiter…

Karatedo   Karate wird bei uns als Kampfkunst betrieben. Das Training basiert auf einem langen Aufbautraining, dass die geistigen Elemente wie auch den Körper schulen sollen. Der Karate Kai Uster ist Mitglied der Swiss Karate Federation (SKF) und trainiert unter Leitung von Roland Schenkel, 4. Dan SKF/SKR/JKA den Stil „Shotokan“ nach den Richtlinien der…
