{"id":760,"date":"2026-04-06T14:04:12","date_gmt":"2026-04-06T14:04:12","guid":{"rendered":"https:\/\/karate-uster.ch\/?page_id=760"},"modified":"2026-04-09T09:44:40","modified_gmt":"2026-04-09T09:44:40","slug":"760-2","status":"publish","type":"page","link":"https:\/\/karate-uster.ch\/?page_id=760","title":{"rendered":"Lee Wyden Cup 2025 in Merenschwand"},"content":{"rendered":"<p>&nbsp;<\/p>\n<div style=\"text-align: center; margin-bottom: 30px;\"><a href=\"https:\/\/i0.wp.com\/karate-uster.ch\/wp-content\/uploads\/2025\/11\/WhatsApp-Image-2025-11-23-at-16.01.42.jpeg?ssl=1\"><br \/>\n<img data-recalc-dims=\"1\" loading=\"lazy\" decoding=\"async\" class=\"aligncenter wp-image-726 size-large\" style=\"margin: 10px auto; display: block;\" src=\"https:\/\/i0.wp.com\/karate-uster.ch\/wp-content\/uploads\/2025\/11\/WhatsApp-Image-2025-11-23-at-16.01.42.jpeg?resize=1024%2C768&#038;ssl=1\" alt=\"Lee Wyden Cup 2025\" width=\"1024\" height=\"768\" srcset=\"https:\/\/i0.wp.com\/karate-uster.ch\/wp-content\/uploads\/2025\/11\/WhatsApp-Image-2025-11-23-at-16.01.42.jpeg?resize=1024%2C768&amp;ssl=1 1024w, https:\/\/i0.wp.com\/karate-uster.ch\/wp-content\/uploads\/2025\/11\/WhatsApp-Image-2025-11-23-at-16.01.42.jpeg?resize=300%2C225&amp;ssl=1 300w, https:\/\/i0.wp.com\/karate-uster.ch\/wp-content\/uploads\/2025\/11\/WhatsApp-Image-2025-11-23-at-16.01.42.jpeg?resize=768%2C576&amp;ssl=1 768w, https:\/\/i0.wp.com\/karate-uster.ch\/wp-content\/uploads\/2025\/11\/WhatsApp-Image-2025-11-23-at-16.01.42.jpeg?resize=1536%2C1152&amp;ssl=1 1536w, https:\/\/i0.wp.com\/karate-uster.ch\/wp-content\/uploads\/2025\/11\/WhatsApp-Image-2025-11-23-at-16.01.42.jpeg?resize=720%2C540&amp;ssl=1 720w, https:\/\/i0.wp.com\/karate-uster.ch\/wp-content\/uploads\/2025\/11\/WhatsApp-Image-2025-11-23-at-16.01.42.jpeg?resize=520%2C390&amp;ssl=1 520w, https:\/\/i0.wp.com\/karate-uster.ch\/wp-content\/uploads\/2025\/11\/WhatsApp-Image-2025-11-23-at-16.01.42.jpeg?resize=320%2C240&amp;ssl=1 320w, https:\/\/i0.wp.com\/karate-uster.ch\/wp-content\/uploads\/2025\/11\/WhatsApp-Image-2025-11-23-at-16.01.42.jpeg?w=2048&amp;ssl=1 2048w\" sizes=\"auto, (max-width: 1000px) 100vw, 1000px\" \/><br \/>\n<\/a><\/div>\n<h3 style=\"text-align: center;\">Zw\u00f6lf Medaillen am Lee Wyden Cup 2025<\/h3>\n<p>&nbsp;<\/p>\n<p>Gl\u00e4nzend schnitt am vergangenen Samstag die Ustermer Karateka am Lee Wyden Cup ab. Die siebzehnk\u00f6pfige Ustermer Delegation kehrte gleich mit zw\u00f6lf Medaillen nach Hause zur\u00fcck.<\/p>\n<p>Ein herzliches Dankesch\u00f6n gilt auch allen Coaches, Schiedsrichtern und Eltern die ihre Kinder begleiteten.<\/p>\n<h3>Die Medaillen f\u00fcr Uster gewannen:<\/h3>\n<h4>Kinder<\/h4>\n<ul>\n<li style=\"list-style-type: none;\">\n<ul>\n<li style=\"list-style-type: none;\">\n<ul>\n<li><strong>Kata Unterstufe:<\/strong>\n<ul>\n<li>1. Platz \u2013 Fortuna Goitom<\/li>\n<li>2. Platz \u2013 Nicol\u00e1s Furrer<\/li>\n<li>3. Platz \u2013 Emilia Goitom<\/li>\n<\/ul>\n<\/li>\n<li><strong>Stickel:<\/strong>\n<ul>\n<li>1. Platz \u2013 Emilia Goitom<\/li>\n<li>2. Platz \u2013 Irmelin Gabathuler<\/li>\n<li>3. Platz \u2013 Fortuna Goitom<\/li>\n<\/ul>\n<\/li>\n<li><strong>Teamkata:<\/strong>\n<ul>\n<li>2. Platz \u2013 Emilia Goitom, Fortuna Goitom, Nicol\u00e1s Furrer<\/li>\n<\/ul>\n<\/li>\n<li><strong>Kumite:<\/strong>\n<ul>\n<li>1. Platz \u2013 Diego H\u00f6rler<\/li>\n<\/ul>\n<\/li>\n<\/ul>\n<\/li>\n<\/ul>\n<\/li>\n<\/ul>\n<h4>Erwachsene<\/h4>\n<ul>\n<li style=\"list-style-type: none;\">\n<ul>\n<li><strong>Kata:<\/strong>\n<ul>\n<li>1. Platz \u2013 Carole Heiniger<\/li>\n<li>3. Platz \u2013 Nieves Tommasi<\/li>\n<\/ul>\n<\/li>\n<li><strong>Teamkata:<\/strong>\n<ul>\n<li>2. Platz \u2013 Peter Wenger, Simone Bobst, Carole Heiniger<\/li>\n<\/ul>\n<\/li>\n<li><strong>Kumite:<\/strong>\n<ul>\n<li>1. Platz \u2013 Matthias Gabathuler<\/li>\n<\/ul>\n<\/li>\n<\/ul>\n<\/li>\n<\/ul>\n","protected":false},"excerpt":{"rendered":"<p>&nbsp; Zw\u00f6lf Medaillen am Lee Wyden Cup 2025 &nbsp; Gl\u00e4nzend schnitt am vergangenen Samstag die Ustermer Karateka am Lee Wyden Cup ab. Die siebzehnk\u00f6pfige Ustermer Delegation kehrte gleich mit zw\u00f6lf Medaillen nach Hause zur\u00fcck.&#46;&#46;&#46;<\/p>\n","protected":false},"author":4,"featured_media":0,"parent":754,"menu_order":0,"comment_status":"closed","ping_status":"closed","template":"","meta":{"footnotes":""},"class_list":["post-760","page","type-page","status-publish","hentry"],"jetpack_sharing_enabled":true,"jetpack_shortlink":"https:\/\/wp.me\/P7DZwL-cg","jetpack-related-posts":[{"id":754,"url":"https:\/\/karate-uster.ch\/?page_id=754","url_meta":{"origin":760,"position":0},"title":"Turniere und Wettkampfteilnahmen","author":"Roland Schenkel","date":"April 6, 2026","format":false,"excerpt":"Karate Kai Uster nimmt mit den Karateka (Kinder, Jugendliche, Erwachsene) an Turnieren und Wettk\u00e4mpfen teil.","rel":"","context":"\u00c4hnlicher Beitrag","block_context":{"text":"\u00c4hnlicher Beitrag","link":""},"img":{"alt_text":"","src":"","width":0,"height":0},"classes":[]},{"id":326,"url":"https:\/\/karate-uster.ch\/?page_id=326","url_meta":{"origin":760,"position":1},"title":"Kinderkurs 2026","author":"Roland Schenkel","date":"Dezember 23, 2021","format":false,"excerpt":"Wo? alte Turnhalle Schulhaus Hasenb\u00fchl Wann? ab Mittwoch, 9. September 2026 von 18.00 \u2013 19.00 Uhr bis zu den Weihnachtsferien Wer? Kinder ab 6 Jahre Bei Wem? Nieves Tommasi, 2. Dan Karate und Roland Schenkel, 4. Dan Karate Wieviel? ganzer Kurs Fr. 80.00 Kleidung? Trainerhose & T-Shirt, barfuss Anmeldung? info@karate-uster.ch\u2026","rel":"","context":"\u00c4hnlicher Beitrag","block_context":{"text":"\u00c4hnlicher Beitrag","link":""},"img":{"alt_text":"","src":"","width":0,"height":0},"classes":[]},{"id":149,"url":"https:\/\/karate-uster.ch\/?page_id=149","url_meta":{"origin":760,"position":2},"title":"Nachruf Koichi Sugimura (1940 \u2013 2020)","author":"Gabriel Rimann","date":"M\u00e4rz 11, 2020","format":false,"excerpt":"Am Montag, 9. M\u00e4rz 2020 hat uns Sugimura-Sensei verlassen, aber seine Philosophie wird weiterleben. Danke Sugi, f\u00fcr die wunderbare Zeit. Oss.","rel":"","context":"\u00c4hnlicher Beitrag","block_context":{"text":"\u00c4hnlicher Beitrag","link":""},"img":{"alt_text":"","src":"https:\/\/i0.wp.com\/karate-uster.ch\/wp-content\/uploads\/2020\/03\/Sugi-a.jpg?resize=350%2C200&ssl=1","width":350,"height":200,"srcset":"https:\/\/i0.wp.com\/karate-uster.ch\/wp-content\/uploads\/2020\/03\/Sugi-a.jpg?resize=350%2C200&ssl=1 1x, https:\/\/i0.wp.com\/karate-uster.ch\/wp-content\/uploads\/2020\/03\/Sugi-a.jpg?resize=525%2C300&ssl=1 1.5x"},"classes":[]},{"id":15,"url":"https:\/\/karate-uster.ch\/?page_id=15","url_meta":{"origin":760,"position":3},"title":"Dojokun","author":"Gabriel Rimann","date":"Mai 6, 2014","format":false,"excerpt":"1. Es ist eine Pflicht, nach der Perfektion des Charakters zu streben. hitotsu, jinkaku kansei ni tsutomuru koto \u00a0 \u00a0Folge dem\u00a0Ideal\u00a0der Wahrheit. hitotsu, makoto no michi wo mamoru koto \u00a0 \u00a0M\u00fche Dich, Deinen Geist zu kultivieren. hitotsu, doryoku no seishin wo yashinau koto \u00a0 \u00a0Achte die Regeln der Etikette. hitotsu,\u2026","rel":"","context":"\u00c4hnlicher Beitrag","block_context":{"text":"\u00c4hnlicher Beitrag","link":""},"img":{"alt_text":"","src":"","width":0,"height":0},"classes":[]},{"id":762,"url":"https:\/\/karate-uster.ch\/?page_id=762","url_meta":{"origin":760,"position":4},"title":"SKR Fr\u00fchlingsturnier 2026 in Dagmersellen","author":"Roland Schenkel","date":"April 6, 2026","format":false,"excerpt":"SKR Fr\u00fchlingsturnier in Dagmersellen 2026 Am vergangenen Sonntag erfolgte das SKR Fr\u00fchlingsturnier in Dagmersellen. Die vierk\u00f6pfige Delegation des Karate Kai Uster erreichte dabei zwei Podestpl\u00e4tze. Dies, obschon das Ensemble etwas m\u00fcde angereist war, hatte es doch am Samstag noch ein intensives Wettkampftraining zu absolvieren. Herzlichen Gl\u00fcckwunsch: Fortuna: Kihon Ippon Kumite\u2026","rel":"","context":"\u00c4hnlicher Beitrag","block_context":{"text":"\u00c4hnlicher Beitrag","link":""},"img":{"alt_text":"","src":"https:\/\/i0.wp.com\/karate-uster.ch\/wp-content\/uploads\/2026\/04\/IMG_5680-Klein-300x225.jpeg?resize=350%2C200&ssl=1","width":350,"height":200},"classes":[]},{"id":18,"url":"https:\/\/karate-uster.ch\/?page_id=18","url_meta":{"origin":760,"position":5},"title":"Unsere Zielsetzung","author":"Gabriel Rimann","date":"Mai 6, 2014","format":false,"excerpt":"Karatedo \u00a0 Karate\u00a0wird\u00a0bei uns als Kampfkunst betrieben. Das Training basiert auf einem langen Aufbautraining, dass die geistigen Elemente wie auch den K\u00f6rper schulen sollen. Der Karate Kai Uster ist Mitglied der Swiss Karate Federation (SKF) und trainiert unter Leitung von Roland Schenkel, 4. Dan SKF\/SKR\/JKA den\u00a0Stil\u00a0\u201eShotokan\u201c nach den Richtlinien der\u2026","rel":"","context":"\u00c4hnlicher Beitrag","block_context":{"text":"\u00c4hnlicher Beitrag","link":""},"img":{"alt_text":"","src":"","width":0,"height":0},"classes":[]}],"_links":{"self":[{"href":"https:\/\/karate-uster.ch\/index.php?rest_route=\/wp\/v2\/pages\/760","targetHints":{"allow":["GET"]}}],"collection":[{"href":"https:\/\/karate-uster.ch\/index.php?rest_route=\/wp\/v2\/pages"}],"about":[{"href":"https:\/\/karate-uster.ch\/index.php?rest_route=\/wp\/v2\/types\/page"}],"author":[{"embeddable":true,"href":"https:\/\/karate-uster.ch\/index.php?rest_route=\/wp\/v2\/users\/4"}],"replies":[{"embeddable":true,"href":"https:\/\/karate-uster.ch\/index.php?rest_route=%2Fwp%2Fv2%2Fcomments&post=760"}],"version-history":[{"count":4,"href":"https:\/\/karate-uster.ch\/index.php?rest_route=\/wp\/v2\/pages\/760\/revisions"}],"predecessor-version":[{"id":775,"href":"https:\/\/karate-uster.ch\/index.php?rest_route=\/wp\/v2\/pages\/760\/revisions\/775"}],"up":[{"embeddable":true,"href":"https:\/\/karate-uster.ch\/index.php?rest_route=\/wp\/v2\/pages\/754"}],"wp:attachment":[{"href":"https:\/\/karate-uster.ch\/index.php?rest_route=%2Fwp%2Fv2%2Fmedia&parent=760"}],"curies":[{"name":"wp","href":"https:\/\/api.w.org\/{rel}","templated":true}]}}

<p>&nbsp;</p>
<div style="text-align: center; margin-bottom: 30px;"><a href="https://i0.wp.com/karate-uster.ch/wp-content/uploads/2025/11/WhatsApp-Image-2025-11-23-at-16.01.42.jpeg?ssl=1"><br />
<img data-recalc-dims="1" loading="lazy" decoding="async" class="aligncenter wp-image-726 size-large" style="margin: 10px auto; display: block;" src="https://i0.wp.com/karate-uster.ch/wp-content/uploads/2025/11/WhatsApp-Image-2025-11-23-at-16.01.42.jpeg?resize=1024%2C768&#038;ssl=1" alt="Lee Wyden Cup 2025" width="1024" height="768" srcset="https://i0.wp.com/karate-uster.ch/wp-content/uploads/2025/11/WhatsApp-Image-2025-11-23-at-16.01.42.jpeg?resize=1024%2C768&amp;ssl=1 1024w, https://i0.wp.com/karate-uster.ch/wp-content/uploads/2025/11/WhatsApp-Image-2025-11-23-at-16.01.42.jpeg?resize=300%2C225&amp;ssl=1 300w, https://i0.wp.com/karate-uster.ch/wp-content/uploads/2025/11/WhatsApp-Image-2025-11-23-at-16.01.42.jpeg?resize=768%2C576&amp;ssl=1 768w, https://i0.wp.com/karate-uster.ch/wp-content/uploads/2025/11/WhatsApp-Image-2025-11-23-at-16.01.42.jpeg?resize=1536%2C1152&amp;ssl=1 1536w, https://i0.wp.com/karate-uster.ch/wp-content/uploads/2025/11/WhatsApp-Image-2025-11-23-at-16.01.42.jpeg?resize=720%2C540&amp;ssl=1 720w, https://i0.wp.com/karate-uster.ch/wp-content/uploads/2025/11/WhatsApp-Image-2025-11-23-at-16.01.42.jpeg?resize=520%2C390&amp;ssl=1 520w, https://i0.wp.com/karate-uster.ch/wp-content/uploads/2025/11/WhatsApp-Image-2025-11-23-at-16.01.42.jpeg?resize=320%2C240&amp;ssl=1 320w, https://i0.wp.com/karate-uster.ch/wp-content/uploads/2025/11/WhatsApp-Image-2025-11-23-at-16.01.42.jpeg?w=2048&amp;ssl=1 2048w" sizes="auto, (max-width: 1000px) 100vw, 1000px" /><br />
</a></div>
<h3 style="text-align: center;">Zwölf Medaillen am Lee Wyden Cup 2025</h3>
<p>&nbsp;</p>
<p>Glänzend schnitt am vergangenen Samstag die Ustermer Karateka am Lee Wyden Cup ab. Die siebzehnköpfige Ustermer Delegation kehrte gleich mit zwölf Medaillen nach Hause zurück.</p>
<p>Ein herzliches Dankeschön gilt auch allen Coaches, Schiedsrichtern und Eltern die ihre Kinder begleiteten.</p>
<h3>Die Medaillen für Uster gewannen:</h3>
<h4>Kinder</h4>
<ul>
<li style="list-style-type: none;">
<ul>
<li style="list-style-type: none;">
<ul>
<li><strong>Kata Unterstufe:</strong>
<ul>
<li>1. Platz – Fortuna Goitom</li>
<li>2. Platz – Nicolás Furrer</li>
<li>3. Platz – Emilia Goitom</li>
</ul>
</li>
<li><strong>Stickel:</strong>
<ul>
<li>1. Platz – Emilia Goitom</li>
<li>2. Platz – Irmelin Gabathuler</li>
<li>3. Platz – Fortuna Goitom</li>
</ul>
</li>
<li><strong>Teamkata:</strong>
<ul>
<li>2. Platz – Emilia Goitom, Fortuna Goitom, Nicolás Furrer</li>
</ul>
</li>
<li><strong>Kumite:</strong>
<ul>
<li>1. Platz – Diego Hörler</li>
</ul>
</li>
</ul>
</li>
</ul>
</li>
</ul>
<h4>Erwachsene</h4>
<ul>
<li style="list-style-type: none;">
<ul>
<li><strong>Kata:</strong>
<ul>
<li>1. Platz – Carole Heiniger</li>
<li>3. Platz – Nieves Tommasi</li>
</ul>
</li>
<li><strong>Teamkata:</strong>
<ul>
<li>2. Platz – Peter Wenger, Simone Bobst, Carole Heiniger</li>
</ul>
</li>
<li><strong>Kumite:</strong>
<ul>
<li>1. Platz – Matthias Gabathuler</li>
</ul>
</li>
</ul>
</li>
</ul>

<p>&nbsp; Zwölf Medaillen am Lee Wyden Cup 2025 &nbsp; Glänzend schnitt am vergangenen Samstag die Ustermer Karateka am Lee Wyden Cup ab. Die siebzehnköpfige Ustermer Delegation kehrte gleich mit zwölf Medaillen nach Hause zurück.&#46;&#46;&#46;</p>

Karate Kai Uster nimmt mit den Karateka (Kinder, Jugendliche, Erwachsene) an Turnieren und Wettkämpfen teil.

Ähnlicher Beitrag

Wo? alte Turnhalle Schulhaus Hasenbühl Wann? ab Mittwoch, 9. September 2026 von 18.00 – 19.00 Uhr bis zu den Weihnachtsferien Wer? Kinder ab 6 Jahre Bei Wem? Nieves Tommasi, 2. Dan Karate und Roland Schenkel, 4. Dan Karate Wieviel? ganzer Kurs Fr. 80.00 Kleidung? Trainerhose & T-Shirt, barfuss Anmeldung? info@karate-uster.ch…

März 11, 2020

Am Montag, 9. März 2020 hat uns Sugimura-Sensei verlassen, aber seine Philosophie wird weiterleben. Danke Sugi, für die wunderbare Zeit. Oss.

1. Es ist eine Pflicht, nach der Perfektion des Charakters zu streben. hitotsu, jinkaku kansei ni tsutomuru koto    Folge dem Ideal der Wahrheit. hitotsu, makoto no michi wo mamoru koto    Mühe Dich, Deinen Geist zu kultivieren. hitotsu, doryoku no seishin wo yashinau koto    Achte die Regeln der Etikette. hitotsu,…

SKR Frühlingsturnier 2026 in Dagmersellen

SKR Frühlingsturnier in Dagmersellen 2026 Am vergangenen Sonntag erfolgte das SKR Frühlingsturnier in Dagmersellen. Die vierköpfige Delegation des Karate Kai Uster erreichte dabei zwei Podestplätze. Dies, obschon das Ensemble etwas müde angereist war, hatte es doch am Samstag noch ein intensives Wettkampftraining zu absolvieren. Herzlichen Glückwunsch: Fortuna: Kihon Ippon Kumite…

Karatedo   Karate wird bei uns als Kampfkunst betrieben. Das Training basiert auf einem langen Aufbautraining, dass die geistigen Elemente wie auch den Körper schulen sollen. Der Karate Kai Uster ist Mitglied der Swiss Karate Federation (SKF) und trainiert unter Leitung von Roland Schenkel, 4. Dan SKF/SKR/JKA den Stil „Shotokan“ nach den Richtlinien der…
