{"id":762,"date":"2026-04-06T14:05:54","date_gmt":"2026-04-06T14:05:54","guid":{"rendered":"https:\/\/karate-uster.ch\/?page_id=762"},"modified":"2026-04-09T09:24:49","modified_gmt":"2026-04-09T09:24:49","slug":"skr-fruehlingsturnier-2026-in-dagmersellen","status":"publish","type":"page","link":"https:\/\/karate-uster.ch\/?page_id=762","title":{"rendered":"SKR Fr\u00fchlingsturnier 2026 in Dagmersellen"},"content":{"rendered":"<h2>SKR Fr\u00fchlingsturnier in Dagmersellen 2026<\/h2>\n<p><a href=\"https:\/\/i0.wp.com\/karate-uster.ch\/wp-content\/uploads\/2026\/04\/IMG_5680-Klein.jpeg?ssl=1\"><img data-recalc-dims=\"1\" loading=\"lazy\" decoding=\"async\" class=\"size-medium wp-image-743 aligncenter\" src=\"https:\/\/i0.wp.com\/karate-uster.ch\/wp-content\/uploads\/2026\/04\/IMG_5680-Klein.jpeg?resize=300%2C225&#038;ssl=1\" alt=\"\" width=\"300\" height=\"225\" srcset=\"https:\/\/i0.wp.com\/karate-uster.ch\/wp-content\/uploads\/2026\/04\/IMG_5680-Klein.jpeg?resize=300%2C225&amp;ssl=1 300w, https:\/\/i0.wp.com\/karate-uster.ch\/wp-content\/uploads\/2026\/04\/IMG_5680-Klein.jpeg?w=320&amp;ssl=1 320w\" sizes=\"auto, (max-width: 300px) 100vw, 300px\" \/><\/a><\/p>\n<p>Am vergangenen Sonntag erfolgte das SKR Fr\u00fchlingsturnier in Dagmersellen.<\/p>\n<p>Die vierk\u00f6pfige Delegation des Karate Kai Uster erreichte dabei zwei Podestpl\u00e4tze. Dies, obschon das Ensemble etwas m\u00fcde angereist war, hatte es doch am Samstag noch ein intensives Wettkampftraining zu absolvieren.<\/p>\n<p><strong>Herzlichen Gl\u00fcckwunsch:<\/strong><\/p>\n<ul>\n<li style=\"list-style-type: none;\">\n<ul>\n<li><strong>Fortuna:<\/strong> Kihon Ippon Kumite U12, 3. Rang<\/li>\n<li><strong>Lukas:<\/strong> Jiyu Ippon Shobu Kumite Elite, 3. Rang<\/li>\n<\/ul>\n<\/li>\n<\/ul>\n","protected":false},"excerpt":{"rendered":"<p>SKR Fr\u00fchlingsturnier in Dagmersellen 2026 Am vergangenen Sonntag erfolgte das SKR Fr\u00fchlingsturnier in Dagmersellen. Die vierk\u00f6pfige Delegation des Karate Kai Uster erreichte dabei zwei Podestpl\u00e4tze. Dies, obschon das Ensemble etwas m\u00fcde angereist war, hatte&#46;&#46;&#46;<\/p>\n","protected":false},"author":4,"featured_media":0,"parent":754,"menu_order":0,"comment_status":"closed","ping_status":"closed","template":"","meta":{"footnotes":""},"class_list":["post-762","page","type-page","status-publish","hentry"],"jetpack_sharing_enabled":true,"jetpack_shortlink":"https:\/\/wp.me\/P7DZwL-ci","jetpack-related-posts":[{"id":12,"url":"https:\/\/karate-uster.ch\/?page_id=12","url_meta":{"origin":762,"position":0},"title":"Ueber uns","author":"Gabriel Rimann","date":"Mai 6, 2014","format":false,"excerpt":"Der Karate Kai Uster bietet Kindertraining Erwachsenentraining Wettkampftraining Kadertraining Aktive Teilnahme an nationalen und internationalen Wettk\u00e4mpfen Der Karate Kai Uster ist Mitglied Des Schweizerischen Karate Verbandes (SKV) Der Sektion Swiss Karatedo Renmei (SKR) Der Japan Karate Association (JKA) Leiter: Roland Schenkel, 4. Dan, SKV\/SKR, Diplomtrainer SKV, Jugend & Sport Leiter\u2026","rel":"","context":"\u00c4hnlicher Beitrag","block_context":{"text":"\u00c4hnlicher Beitrag","link":""},"img":{"alt_text":"","src":"","width":0,"height":0},"classes":[]},{"id":18,"url":"https:\/\/karate-uster.ch\/?page_id=18","url_meta":{"origin":762,"position":1},"title":"Unsere Zielsetzung","author":"Gabriel Rimann","date":"Mai 6, 2014","format":false,"excerpt":"Karatedo \u00a0 Karate\u00a0wird\u00a0bei uns als Kampfkunst betrieben. Das Training basiert auf einem langen Aufbautraining, dass die geistigen Elemente wie auch den K\u00f6rper schulen sollen. Der Karate Kai Uster ist Mitglied der Swiss Karate Federation (SKF) und trainiert unter Leitung von Roland Schenkel, 4. Dan SKF\/SKR\/JKA den\u00a0Stil\u00a0\u201eShotokan\u201c nach den Richtlinien der\u2026","rel":"","context":"\u00c4hnlicher Beitrag","block_context":{"text":"\u00c4hnlicher Beitrag","link":""},"img":{"alt_text":"","src":"","width":0,"height":0},"classes":[]},{"id":760,"url":"https:\/\/karate-uster.ch\/?page_id=760","url_meta":{"origin":762,"position":2},"title":"Lee Wyden Cup 2025 in Merenschwand","author":"Roland Schenkel","date":"April 6, 2026","format":false,"excerpt":"\u00a0 Zw\u00f6lf Medaillen am Lee Wyden Cup 2025 \u00a0 Gl\u00e4nzend schnitt am vergangenen Samstag die Ustermer Karateka am Lee Wyden Cup ab. Die siebzehnk\u00f6pfige Ustermer Delegation kehrte gleich mit zw\u00f6lf Medaillen nach Hause zur\u00fcck. Ein herzliches Dankesch\u00f6n gilt auch allen Coaches, Schiedsrichtern und Eltern die ihre Kinder begleiteten. Die Medaillen\u2026","rel":"","context":"\u00c4hnlicher Beitrag","block_context":{"text":"\u00c4hnlicher Beitrag","link":""},"img":{"alt_text":"Lee Wyden Cup 2025","src":"https:\/\/i0.wp.com\/karate-uster.ch\/wp-content\/uploads\/2025\/11\/WhatsApp-Image-2025-11-23-at-16.01.42-1024x768.jpeg?resize=350%2C200","width":350,"height":200,"srcset":"https:\/\/i0.wp.com\/karate-uster.ch\/wp-content\/uploads\/2025\/11\/WhatsApp-Image-2025-11-23-at-16.01.42-1024x768.jpeg?resize=350%2C200 1x, https:\/\/i0.wp.com\/karate-uster.ch\/wp-content\/uploads\/2025\/11\/WhatsApp-Image-2025-11-23-at-16.01.42-1024x768.jpeg?resize=525%2C300 1.5x, https:\/\/i0.wp.com\/karate-uster.ch\/wp-content\/uploads\/2025\/11\/WhatsApp-Image-2025-11-23-at-16.01.42-1024x768.jpeg?resize=700%2C400 2x"},"classes":[]},{"id":8,"url":"https:\/\/karate-uster.ch\/","url_meta":{"origin":762,"position":3},"title":"Herzlich willkommen","author":"Gabriel Rimann","date":"Mai 6, 2014","format":false,"excerpt":"Das KKU-Logo ist eine Hommage an E. Logoz.","rel":"","context":"\u00c4hnlicher Beitrag","block_context":{"text":"\u00c4hnlicher Beitrag","link":""},"img":{"alt_text":"","src":"https:\/\/i0.wp.com\/karate-uster.ch\/wp-content\/uploads\/2026\/07\/KKULogo_Homepage-300x284.png?resize=350%2C200&ssl=1","width":350,"height":200},"classes":[]},{"id":326,"url":"https:\/\/karate-uster.ch\/?page_id=326","url_meta":{"origin":762,"position":4},"title":"Kinderkurs 2026","author":"Roland Schenkel","date":"Dezember 23, 2021","format":false,"excerpt":"Wo? alte Turnhalle Schulhaus Hasenb\u00fchl Wann? ab Mittwoch, 9. September 2026 von 18.00 \u2013 19.00 Uhr bis zu den Weihnachtsferien Wer? Kinder ab 6 Jahre Bei Wem? Nieves Tommasi, 2. Dan Karate und Roland Schenkel, 4. Dan Karate Wieviel? ganzer Kurs Fr. 80.00 Kleidung? Trainerhose & T-Shirt, barfuss Anmeldung? info@karate-uster.ch\u2026","rel":"","context":"\u00c4hnlicher Beitrag","block_context":{"text":"\u00c4hnlicher Beitrag","link":""},"img":{"alt_text":"","src":"","width":0,"height":0},"classes":[]}],"_links":{"self":[{"href":"https:\/\/karate-uster.ch\/index.php?rest_route=\/wp\/v2\/pages\/762","targetHints":{"allow":["GET"]}}],"collection":[{"href":"https:\/\/karate-uster.ch\/index.php?rest_route=\/wp\/v2\/pages"}],"about":[{"href":"https:\/\/karate-uster.ch\/index.php?rest_route=\/wp\/v2\/types\/page"}],"author":[{"embeddable":true,"href":"https:\/\/karate-uster.ch\/index.php?rest_route=\/wp\/v2\/users\/4"}],"replies":[{"embeddable":true,"href":"https:\/\/karate-uster.ch\/index.php?rest_route=%2Fwp%2Fv2%2Fcomments&post=762"}],"version-history":[{"count":5,"href":"https:\/\/karate-uster.ch\/index.php?rest_route=\/wp\/v2\/pages\/762\/revisions"}],"predecessor-version":[{"id":773,"href":"https:\/\/karate-uster.ch\/index.php?rest_route=\/wp\/v2\/pages\/762\/revisions\/773"}],"up":[{"embeddable":true,"href":"https:\/\/karate-uster.ch\/index.php?rest_route=\/wp\/v2\/pages\/754"}],"wp:attachment":[{"href":"https:\/\/karate-uster.ch\/index.php?rest_route=%2Fwp%2Fv2%2Fmedia&parent=762"}],"curies":[{"name":"wp","href":"https:\/\/api.w.org\/{rel}","templated":true}]}}

SKR Frühlingsturnier 2026 in Dagmersellen

<h2>SKR Frühlingsturnier in Dagmersellen 2026</h2>
<p><a href="https://i0.wp.com/karate-uster.ch/wp-content/uploads/2026/04/IMG_5680-Klein.jpeg?ssl=1"><img data-recalc-dims="1" loading="lazy" decoding="async" class="size-medium wp-image-743 aligncenter" src="https://i0.wp.com/karate-uster.ch/wp-content/uploads/2026/04/IMG_5680-Klein.jpeg?resize=300%2C225&#038;ssl=1" alt="" width="300" height="225" srcset="https://i0.wp.com/karate-uster.ch/wp-content/uploads/2026/04/IMG_5680-Klein.jpeg?resize=300%2C225&amp;ssl=1 300w, https://i0.wp.com/karate-uster.ch/wp-content/uploads/2026/04/IMG_5680-Klein.jpeg?w=320&amp;ssl=1 320w" sizes="auto, (max-width: 300px) 100vw, 300px" /></a></p>
<p>Am vergangenen Sonntag erfolgte das SKR Frühlingsturnier in Dagmersellen.</p>
<p>Die vierköpfige Delegation des Karate Kai Uster erreichte dabei zwei Podestplätze. Dies, obschon das Ensemble etwas müde angereist war, hatte es doch am Samstag noch ein intensives Wettkampftraining zu absolvieren.</p>
<p><strong>Herzlichen Glückwunsch:</strong></p>
<ul>
<li style="list-style-type: none;">
<ul>
<li><strong>Fortuna:</strong> Kihon Ippon Kumite U12, 3. Rang</li>
<li><strong>Lukas:</strong> Jiyu Ippon Shobu Kumite Elite, 3. Rang</li>
</ul>
</li>
</ul>

<p>SKR Frühlingsturnier in Dagmersellen 2026 Am vergangenen Sonntag erfolgte das SKR Frühlingsturnier in Dagmersellen. Die vierköpfige Delegation des Karate Kai Uster erreichte dabei zwei Podestplätze. Dies, obschon das Ensemble etwas müde angereist war, hatte&#46;&#46;&#46;</p>

Der Karate Kai Uster bietet Kindertraining Erwachsenentraining Wettkampftraining Kadertraining Aktive Teilnahme an nationalen und internationalen Wettkämpfen Der Karate Kai Uster ist Mitglied Des Schweizerischen Karate Verbandes (SKV) Der Sektion Swiss Karatedo Renmei (SKR) Der Japan Karate Association (JKA) Leiter: Roland Schenkel, 4. Dan, SKV/SKR, Diplomtrainer SKV, Jugend & Sport Leiter…

Ähnlicher Beitrag

Karatedo   Karate wird bei uns als Kampfkunst betrieben. Das Training basiert auf einem langen Aufbautraining, dass die geistigen Elemente wie auch den Körper schulen sollen. Der Karate Kai Uster ist Mitglied der Swiss Karate Federation (SKF) und trainiert unter Leitung von Roland Schenkel, 4. Dan SKF/SKR/JKA den Stil „Shotokan“ nach den Richtlinien der…

Zwölf Medaillen am Lee Wyden Cup 2025   Glänzend schnitt am vergangenen Samstag die Ustermer Karateka am Lee Wyden Cup ab. Die siebzehnköpfige Ustermer Delegation kehrte gleich mit zwölf Medaillen nach Hause zurück. Ein herzliches Dankeschön gilt auch allen Coaches, Schiedsrichtern und Eltern die ihre Kinder begleiteten. Die Medaillen…

Wo? alte Turnhalle Schulhaus Hasenbühl Wann? ab Mittwoch, 9. September 2026 von 18.00 – 19.00 Uhr bis zu den Weihnachtsferien Wer? Kinder ab 6 Jahre Bei Wem? Nieves Tommasi, 2. Dan Karate und Roland Schenkel, 4. Dan Karate Wieviel? ganzer Kurs Fr. 80.00 Kleidung? Trainerhose & T-Shirt, barfuss Anmeldung? info@karate-uster.ch…
