{"id":8,"date":"2014-05-06T16:38:08","date_gmt":"2014-05-06T16:38:08","guid":{"rendered":"http:\/\/karate-uster.ch\/?page_id=8"},"modified":"2026-07-24T14:36:15","modified_gmt":"2026-07-24T14:36:15","slug":"herzlich-willkommen","status":"publish","type":"page","link":"https:\/\/karate-uster.ch\/","title":{"rendered":"Herzlich willkommen"},"content":{"rendered":"<p style=\"text-align: center;\"><a href=\"https:\/\/i0.wp.com\/karate-uster.ch\/wp-content\/uploads\/2026\/07\/KKULogo_Homepage.png?ssl=1\"><img data-recalc-dims=\"1\" loading=\"lazy\" decoding=\"async\" class=\"alignnone size-medium wp-image-810\" src=\"https:\/\/i0.wp.com\/karate-uster.ch\/wp-content\/uploads\/2026\/07\/KKULogo_Homepage.png?resize=300%2C284&#038;ssl=1\" alt=\"\" width=\"300\" height=\"284\" srcset=\"https:\/\/i0.wp.com\/karate-uster.ch\/wp-content\/uploads\/2026\/07\/KKULogo_Homepage.png?resize=300%2C284&amp;ssl=1 300w, https:\/\/i0.wp.com\/karate-uster.ch\/wp-content\/uploads\/2026\/07\/KKULogo_Homepage.png?resize=1024%2C969&amp;ssl=1 1024w, https:\/\/i0.wp.com\/karate-uster.ch\/wp-content\/uploads\/2026\/07\/KKULogo_Homepage.png?resize=768%2C727&amp;ssl=1 768w, https:\/\/i0.wp.com\/karate-uster.ch\/wp-content\/uploads\/2026\/07\/KKULogo_Homepage.png?resize=720%2C681&amp;ssl=1 720w, https:\/\/i0.wp.com\/karate-uster.ch\/wp-content\/uploads\/2026\/07\/KKULogo_Homepage.png?resize=520%2C492&amp;ssl=1 520w, https:\/\/i0.wp.com\/karate-uster.ch\/wp-content\/uploads\/2026\/07\/KKULogo_Homepage.png?resize=320%2C303&amp;ssl=1 320w, https:\/\/i0.wp.com\/karate-uster.ch\/wp-content\/uploads\/2026\/07\/KKULogo_Homepage.png?w=1418&amp;ssl=1 1418w\" sizes=\"auto, (max-width: 300px) 100vw, 300px\" \/><\/a><\/p>\n<p style=\"text-align: center;\"><strong>Das KKU-Logo ist eine Hommage an E. Logoz.<\/strong><\/p>\n","protected":false},"excerpt":{"rendered":"<p>Das KKU-Logo ist eine Hommage an E. Logoz.<\/p>\n","protected":false},"author":2,"featured_media":0,"parent":0,"menu_order":0,"comment_status":"closed","ping_status":"closed","template":"","meta":{"footnotes":""},"class_list":["post-8","page","type-page","status-publish","hentry"],"jetpack_sharing_enabled":true,"jetpack_shortlink":"https:\/\/wp.me\/P7DZwL-8","jetpack-related-posts":[{"id":15,"url":"https:\/\/karate-uster.ch\/?page_id=15","url_meta":{"origin":8,"position":0},"title":"Dojokun","author":"Gabriel Rimann","date":"Mai 6, 2014","format":false,"excerpt":"1. Es ist eine Pflicht, nach der Perfektion des Charakters zu streben. hitotsu, jinkaku kansei ni tsutomuru koto \u00a0 \u00a0Folge dem\u00a0Ideal\u00a0der Wahrheit. hitotsu, makoto no michi wo mamoru koto \u00a0 \u00a0M\u00fche Dich, Deinen Geist zu kultivieren. hitotsu, doryoku no seishin wo yashinau koto \u00a0 \u00a0Achte die Regeln der Etikette. hitotsu,\u2026","rel":"","context":"\u00c4hnlicher Beitrag","block_context":{"text":"\u00c4hnlicher Beitrag","link":""},"img":{"alt_text":"","src":"","width":0,"height":0},"classes":[]},{"id":18,"url":"https:\/\/karate-uster.ch\/?page_id=18","url_meta":{"origin":8,"position":1},"title":"Unsere Zielsetzung","author":"Gabriel Rimann","date":"Mai 6, 2014","format":false,"excerpt":"Karatedo \u00a0 Karate\u00a0wird\u00a0bei uns als Kampfkunst betrieben. Das Training basiert auf einem langen Aufbautraining, dass die geistigen Elemente wie auch den K\u00f6rper schulen sollen. Der Karate Kai Uster ist Mitglied der Swiss Karate Federation (SKF) und trainiert unter Leitung von Roland Schenkel, 4. Dan SKF\/SKR\/JKA den\u00a0Stil\u00a0\u201eShotokan\u201c nach den Richtlinien der\u2026","rel":"","context":"\u00c4hnlicher Beitrag","block_context":{"text":"\u00c4hnlicher Beitrag","link":""},"img":{"alt_text":"","src":"","width":0,"height":0},"classes":[]},{"id":762,"url":"https:\/\/karate-uster.ch\/?page_id=762","url_meta":{"origin":8,"position":2},"title":"SKR Fr\u00fchlingsturnier 2026 in Dagmersellen","author":"Roland Schenkel","date":"April 6, 2026","format":false,"excerpt":"SKR Fr\u00fchlingsturnier in Dagmersellen 2026 Am vergangenen Sonntag erfolgte das SKR Fr\u00fchlingsturnier in Dagmersellen. Die vierk\u00f6pfige Delegation des Karate Kai Uster erreichte dabei zwei Podestpl\u00e4tze. Dies, obschon das Ensemble etwas m\u00fcde angereist war, hatte es doch am Samstag noch ein intensives Wettkampftraining zu absolvieren. Herzlichen Gl\u00fcckwunsch: Fortuna: Kihon Ippon Kumite\u2026","rel":"","context":"\u00c4hnlicher Beitrag","block_context":{"text":"\u00c4hnlicher Beitrag","link":""},"img":{"alt_text":"","src":"https:\/\/i0.wp.com\/karate-uster.ch\/wp-content\/uploads\/2026\/04\/IMG_5680-Klein-300x225.jpeg?resize=350%2C200&ssl=1","width":350,"height":200},"classes":[]},{"id":12,"url":"https:\/\/karate-uster.ch\/?page_id=12","url_meta":{"origin":8,"position":3},"title":"Ueber uns","author":"Gabriel Rimann","date":"Mai 6, 2014","format":false,"excerpt":"Der Karate Kai Uster bietet Kindertraining Erwachsenentraining Wettkampftraining Kadertraining Aktive Teilnahme an nationalen und internationalen Wettk\u00e4mpfen Der Karate Kai Uster ist Mitglied Des Schweizerischen Karate Verbandes (SKV) Der Sektion Swiss Karatedo Renmei (SKR) Der Japan Karate Association (JKA) Leiter: Roland Schenkel, 4. Dan, SKV\/SKR, Diplomtrainer SKV, Jugend & Sport Leiter\u2026","rel":"","context":"\u00c4hnlicher Beitrag","block_context":{"text":"\u00c4hnlicher Beitrag","link":""},"img":{"alt_text":"","src":"","width":0,"height":0},"classes":[]}],"_links":{"self":[{"href":"https:\/\/karate-uster.ch\/index.php?rest_route=\/wp\/v2\/pages\/8","targetHints":{"allow":["GET"]}}],"collection":[{"href":"https:\/\/karate-uster.ch\/index.php?rest_route=\/wp\/v2\/pages"}],"about":[{"href":"https:\/\/karate-uster.ch\/index.php?rest_route=\/wp\/v2\/types\/page"}],"author":[{"embeddable":true,"href":"https:\/\/karate-uster.ch\/index.php?rest_route=\/wp\/v2\/users\/2"}],"replies":[{"embeddable":true,"href":"https:\/\/karate-uster.ch\/index.php?rest_route=%2Fwp%2Fv2%2Fcomments&post=8"}],"version-history":[{"count":11,"href":"https:\/\/karate-uster.ch\/index.php?rest_route=\/wp\/v2\/pages\/8\/revisions"}],"predecessor-version":[{"id":811,"href":"https:\/\/karate-uster.ch\/index.php?rest_route=\/wp\/v2\/pages\/8\/revisions\/811"}],"wp:attachment":[{"href":"https:\/\/karate-uster.ch\/index.php?rest_route=%2Fwp%2Fv2%2Fmedia&parent=8"}],"curies":[{"name":"wp","href":"https:\/\/api.w.org\/{rel}","templated":true}]}}

1. Es ist eine Pflicht, nach der Perfektion des Charakters zu streben. hitotsu, jinkaku kansei ni tsutomuru koto    Folge dem Ideal der Wahrheit. hitotsu, makoto no michi wo mamoru koto    Mühe Dich, Deinen Geist zu kultivieren. hitotsu, doryoku no seishin wo yashinau koto    Achte die Regeln der Etikette. hitotsu,…

Ähnlicher Beitrag

Karatedo   Karate wird bei uns als Kampfkunst betrieben. Das Training basiert auf einem langen Aufbautraining, dass die geistigen Elemente wie auch den Körper schulen sollen. Der Karate Kai Uster ist Mitglied der Swiss Karate Federation (SKF) und trainiert unter Leitung von Roland Schenkel, 4. Dan SKF/SKR/JKA den Stil „Shotokan“ nach den Richtlinien der…

SKR Frühlingsturnier 2026 in Dagmersellen

SKR Frühlingsturnier in Dagmersellen 2026 Am vergangenen Sonntag erfolgte das SKR Frühlingsturnier in Dagmersellen. Die vierköpfige Delegation des Karate Kai Uster erreichte dabei zwei Podestplätze. Dies, obschon das Ensemble etwas müde angereist war, hatte es doch am Samstag noch ein intensives Wettkampftraining zu absolvieren. Herzlichen Glückwunsch: Fortuna: Kihon Ippon Kumite…

Der Karate Kai Uster bietet Kindertraining Erwachsenentraining Wettkampftraining Kadertraining Aktive Teilnahme an nationalen und internationalen Wettkämpfen Der Karate Kai Uster ist Mitglied Des Schweizerischen Karate Verbandes (SKV) Der Sektion Swiss Karatedo Renmei (SKR) Der Japan Karate Association (JKA) Leiter: Roland Schenkel, 4. Dan, SKV/SKR, Diplomtrainer SKV, Jugend & Sport Leiter…
